{"id":1678,"date":"2020-11-08T23:10:31","date_gmt":"2020-11-08T21:10:31","guid":{"rendered":"https:\/\/innolex.fi\/?page_id=1678"},"modified":"2020-11-22T21:17:05","modified_gmt":"2020-11-22T19:17:05","slug":"lomakkeet","status":"publish","type":"page","link":"https:\/\/innolex.fi\/?page_id=1678","title":{"rendered":"Lomakkeet"},"content":{"rendered":"<p>[vc_row content_placement=&#8221;top&#8221;][vc_column css=&#8221;.vc_custom_1495531357677{margin-bottom: 30px !important;padding-top: 0px !important;}&#8221;][thememove_title show_decor=&#8221;1&#8243; small_title=&#8221;LOMAKKEET&#8221;][vc_column_text]<\/p>\n<ol>\n<li>Valitse alla olevista lomakkeista joko avioehtosopimus, testamentti tai keskin\u00e4inen testamentti.<\/li>\n<li>T\u00e4yt\u00e4 tarvittavat tiedot ja l\u00e4het\u00e4 lomake meille.<\/li>\n<li>Luonnostelemme asiakirjan ja l\u00e4het\u00e4mme sen kommentteihin lomakkeessa oleviin yhteystietoihin (mielell\u00e4\u00e4n s\u00e4hk\u00f6postitse).<\/li>\n<li>Kun asiakirja on viimeistellyss\u00e4 muodossa, sovitaan tapaaminen t\u00e4\u00e4ll\u00e4 meid\u00e4n Innolexin toimistolla Isossa Omenassa allekirjoitusta \/ todistamista varten. K\u00e4ymme t\u00e4m\u00e4n viel\u00e4 t\u00e4ss\u00e4 vaiheessa yhdess\u00e4 l\u00e4pi.<\/li>\n<\/ol>\n<p>(Hetu lis\u00e4t\u00e4\u00e4n n\u00e4ihin tietoturvasyist\u00e4 my\u00f6hemmin.)[\/vc_column_text]<style type=\"text\/css\">a.eg-henryharrison-element-1,a.eg-henryharrison-element-2{-webkit-transition:all .4s linear;   -moz-transition:all .4s linear;   -o-transition:all .4s linear;   -ms-transition:all .4s linear;   transition:all .4s linear}.eg-jimmy-carter-element-11 i:before{margin-left:0px; margin-right:0px}.eg-harding-element-17{letter-spacing:1px}.eg-harding-wrapper .esg-entry-media{overflow:hidden; box-sizing:border-box;   -webkit-box-sizing:border-box;   -moz-box-sizing:border-box;   padding:30px 30px 0px 30px}.eg-harding-wrapper .esg-media-poster{overflow:hidden; border-radius:50%;   -webkit-border-radius:50%;   -moz-border-radius:50%}.eg-ulysses-s-grant-wrapper .esg-entry-media{overflow:hidden; box-sizing:border-box;   -webkit-box-sizing:border-box;   -moz-box-sizing:border-box;   padding:30px 30px 0px 30px}.eg-ulysses-s-grant-wrapper .esg-media-poster{overflow:hidden; border-radius:50%;   -webkit-border-radius:50%;   -moz-border-radius:50%}.eg-richard-nixon-wrapper .esg-entry-media{overflow:hidden; box-sizing:border-box;   -webkit-box-sizing:border-box;   -moz-box-sizing:border-box;   padding:30px 30px 0px 30px}.eg-richard-nixon-wrapper .esg-media-poster{overflow:hidden; border-radius:50%;   -webkit-border-radius:50%;   -moz-border-radius:50%}.eg-herbert-hoover-wrapper .esg-media-poster{filter:url(\"data:image\/svg+xml;utf8,<svg xmlns='http:\/\/www.w3.org\/2000\/svg'><filter id='grayscale'><feColorMatrix type='matrix' values='0.3333 0.3333 0.3333 0 0 0.3333 0.3333 0.3333 0 0 0.3333 0.3333 0.3333 0 0 0 0 0 1 0'\/><\/filter><\/svg>#grayscale\");   filter:gray;   -webkit-filter:grayscale(100%)}.eg-herbert-hoover-wrapper:hover .esg-media-poster{filter:url(\"data:image\/svg+xml;utf8,<svg xmlns='http:\/\/www.w3.org\/2000\/svg'><filter id='grayscale'><feColorMatrix type='matrix' values='1 0 0 0 0,0 1 0 0 0,0 0 1 0 0,0 0 0 1 0'\/><\/filter><\/svg>#grayscale\");  -webkit-filter:grayscale(0%)}.eg-lyndon-johnson-wrapper .esg-media-poster{filter:url(\"data:image\/svg+xml;utf8,<svg xmlns='http:\/\/www.w3.org\/2000\/svg'><filter id='grayscale'><feColorMatrix type='matrix' values='0.3333 0.3333 0.3333 0 0 0.3333 0.3333 0.3333 0 0 0.3333 0.3333 0.3333 0 0 0 0 0 1 0'\/><\/filter><\/svg>#grayscale\");   filter:gray;   -webkit-filter:grayscale(100%)}.eg-lyndon-johnson-wrapper:hover .esg-media-poster{filter:url(\"data:image\/svg+xml;utf8,<svg xmlns='http:\/\/www.w3.org\/2000\/svg'><filter id='grayscale'><feColorMatrix type='matrix' values='1 0 0 0 0,0 1 0 0 0,0 0 1 0 0,0 0 0 1 0'\/><\/filter><\/svg>#grayscale\");  -webkit-filter:grayscale(0%)}.esg-overlay.eg-ronald-reagan-container{background:-moz-linear-gradient(top,rgba(0,0,0,0) 50%,rgba(0,0,0,0.83) 99%,rgba(0,0,0,0.85) 100%); background:-webkit-gradient(linear,left top,left bottom,color-stop(50%,rgba(0,0,0,0)),color-stop(99%,rgba(0,0,0,0.83)),color-stop(100%,rgba(0,0,0,0.85))); background:-webkit-linear-gradient(top,rgba(0,0,0,0) 50%,rgba(0,0,0,0.83) 99%,rgba(0,0,0,0.85) 100%); background:-o-linear-gradient(top,rgba(0,0,0,0) 50%,rgba(0,0,0,0.83) 99%,rgba(0,0,0,0.85) 100%); background:-ms-linear-gradient(top,rgba(0,0,0,0) 50%,rgba(0,0,0,0.83) 99%,rgba(0,0,0,0.85) 100%); background:linear-gradient(to bottom,rgba(0,0,0,0) 50%,rgba(0,0,0,0.83) 99%,rgba(0,0,0,0.85) 100%); filter:progid:DXImageTransform.Microsoft.gradient( startColorstr='#00000000',endColorstr='#d9000000',GradientType=0 )}.eg-georgebush-wrapper .esg-entry-cover{background:-moz-linear-gradient(top,rgba(0,0,0,0) 50%,rgba(0,0,0,0.83) 99%,rgba(0,0,0,0.85) 100%); background:-webkit-gradient(linear,left top,left bottom,color-stop(50%,rgba(0,0,0,0)),color-stop(99%,rgba(0,0,0,0.83)),color-stop(100%,rgba(0,0,0,0.85))); background:-webkit-linear-gradient(top,rgba(0,0,0,0) 50%,rgba(0,0,0,0.83) 99%,rgba(0,0,0,0.85) 100%); background:-o-linear-gradient(top,rgba(0,0,0,0) 50%,rgba(0,0,0,0.83) 99%,rgba(0,0,0,0.85) 100%); background:-ms-linear-gradient(top,rgba(0,0,0,0) 50%,rgba(0,0,0,0.83) 99%,rgba(0,0,0,0.85) 100%); background:linear-gradient(to bottom,rgba(0,0,0,0) 50%,rgba(0,0,0,0.83) 99%,rgba(0,0,0,0.85) 100%); filter:progid:DXImageTransform.Microsoft.gradient( startColorstr='#00000000',endColorstr='#d9000000',GradientType=0 )}.eg-jefferson-wrapper{-webkit-border-radius:5px !important; -moz-border-radius:5px !important; border-radius:5px !important; -webkit-mask-image:url(data:image\/png;base64,iVBORw0KGgoAAAANSUhEUgAAAAEAAAABCAIAAACQd1PeAAAAGXRFWHRTb2Z0d2FyZQBBZG9iZSBJbWFnZVJlYWR5ccllPAAAAA5JREFUeNpiYGBgAAgwAAAEAAGbA+oJAAAAAElFTkSuQmCC) !important}.eg-monroe-element-1{text-shadow:0px 1px 3px rgba(0,0,0,0.1)}.eg-lyndon-johnson-wrapper .esg-entry-cover{background:-moz-radial-gradient(center,ellipse cover,rgba(0,0,0,0.35) 0%,rgba(18,18,18,0) 96%,rgba(19,19,19,0) 100%); background:-webkit-gradient(radial,center center,0px,center center,100%,color-stop(0%,rgba(0,0,0,0.35)),color-stop(96%,rgba(18,18,18,0)),color-stop(100%,rgba(19,19,19,0))); background:-webkit-radial-gradient(center,ellipse cover,rgba(0,0,0,0.35) 0%,rgba(18,18,18,0) 96%,rgba(19,19,19,0) 100%); background:-o-radial-gradient(center,ellipse cover,rgba(0,0,0,0.35) 0%,rgba(18,18,18,0) 96%,rgba(19,19,19,0) 100%); background:-ms-radial-gradient(center,ellipse cover,rgba(0,0,0,0.35) 0%,rgba(18,18,18,0) 96%,rgba(19,19,19,0) 100%); background:radial-gradient(ellipse at center,rgba(0,0,0,0.35) 0%,rgba(18,18,18,0) 96%,rgba(19,19,19,0) 100%); filter:progid:DXImageTransform.Microsoft.gradient( startColorstr='#59000000',endColorstr='#00131313',GradientType=1 )}.eg-wilbert-wrapper .esg-entry-cover{background:-moz-radial-gradient(center,ellipse cover,rgba(0,0,0,0.35) 0%,rgba(18,18,18,0) 96%,rgba(19,19,19,0) 100%); background:-webkit-gradient(radial,center center,0px,center center,100%,color-stop(0%,rgba(0,0,0,0.35)),color-stop(96%,rgba(18,18,18,0)),color-stop(100%,rgba(19,19,19,0))); background:-webkit-radial-gradient(center,ellipse cover,rgba(0,0,0,0.35) 0%,rgba(18,18,18,0) 96%,rgba(19,19,19,0) 100%); background:-o-radial-gradient(center,ellipse cover,rgba(0,0,0,0.35) 0%,rgba(18,18,18,0) 96%,rgba(19,19,19,0) 100%); background:-ms-radial-gradient(center,ellipse cover,rgba(0,0,0,0.35) 0%,rgba(18,18,18,0) 96%,rgba(19,19,19,0) 100%); background:radial-gradient(ellipse at center,rgba(0,0,0,0.35) 0%,rgba(18,18,18,0) 96%,rgba(19,19,19,0) 100%); filter:progid:DXImageTransform.Microsoft.gradient( startColorstr='#59000000',endColorstr='#00131313',GradientType=1 )}.eg-wilbert-wrapper .esg-media-poster{-webkit-transition:0.4s ease-in-out;  -moz-transition:0.4s ease-in-out;  -o-transition:0.4s ease-in-out;  transition:0.4s ease-in-out;  filter:url(\"data:image\/svg+xml;utf8,<svg xmlns='http:\/\/www.w3.org\/2000\/svg'><filter id='grayscale'><feColorMatrix type='matrix' values='0.3333 0.3333 0.3333 0 0 0.3333 0.3333 0.3333 0 0 0.3333 0.3333 0.3333 0 0 0 0 0 1 0'\/><\/filter><\/svg>#grayscale\");   filter:gray;   -webkit-filter:grayscale(100%)}.eg-wilbert-wrapper:hover .esg-media-poster{filter:url(\"data:image\/svg+xml;utf8,<svg xmlns='http:\/\/www.w3.org\/2000\/svg'><filter id='grayscale'><feColorMatrix type='matrix' values='1 0 0 0 0,0 1 0 0 0,0 0 1 0 0,0 0 0 1 0'\/><\/filter><\/svg>#grayscale\");  -webkit-filter:grayscale(0%)}.eg-phillie-element-3:after{content:\" \";width:0px;height:0px;border-style:solid;border-width:5px 5px 0 5px;border-color:#000 transparent transparent transparent;left:50%;margin-left:-5px; bottom:-5px; position:absolute}.eg-howardtaft-wrapper .esg-media-poster{filter:url(\"data:image\/svg+xml;utf8,<svg xmlns='http:\/\/www.w3.org\/2000\/svg'><filter id='grayscale'><feColorMatrix type='matrix' values='1 0 0 0 0,0 1 0 0 0,0 0 1 0 0,0 0 0 1 0'\/><\/filter><\/svg>#grayscale\");  -webkit-filter:grayscale(0%)}.eg-howardtaft-wrapper:hover .esg-media-poster{filter:url(\"data:image\/svg+xml;utf8,<svg xmlns='http:\/\/www.w3.org\/2000\/svg'><filter id='grayscale'><feColorMatrix type='matrix' values='0.3333 0.3333 0.3333 0 0 0.3333 0.3333 0.3333 0 0 0.3333 0.3333 0.3333 0 0 0 0 0 1 0'\/><\/filter><\/svg>#grayscale\");   filter:gray;   -webkit-filter:grayscale(100%)}.myportfolio-container .added_to_cart.wc-forward{font-family:\"Open Sans\"; font-size:13px; color:#fff; margin-top:10px}.esgbox-title.esgbox-title-outside-wrap{font-size:15px; font-weight:700; text-align:center}.esgbox-title.esgbox-title-inside-wrap{padding-bottom:10px; font-size:15px; font-weight:700; text-align:center}<\/style>\n<!-- CACHE CREATED FOR: 21 --><style type=\"text\/css\">.minimal-light .navigationbuttons,.minimal-light .esg-pagination,.minimal-light .esg-filters{text-align:center}.minimal-light .esg-filterbutton,.minimal-light .esg-navigationbutton,.minimal-light .esg-sortbutton,.minimal-light .esg-cartbutton a{color:#999; margin-right:5px; cursor:pointer; padding:0px 16px; border:1px solid #e5e5e5; line-height:38px; border-radius:5px; -moz-border-radius:5px; -webkit-border-radius:5px; font-size:12px; font-weight:700; font-family:\"Open Sans\",sans-serif; display:inline-block; background:#fff; margin-bottom:5px}.minimal-light .esg-navigationbutton *{color:#999}.minimal-light .esg-navigationbutton{padding:0px 16px}.minimal-light .esg-pagination-button:last-child{margin-right:0}.minimal-light .esg-left,.minimal-light .esg-right{padding:0px 11px}.minimal-light .esg-sortbutton-wrapper,.minimal-light .esg-cartbutton-wrapper{display:inline-block}.minimal-light .esg-sortbutton-order,.minimal-light .esg-cartbutton-order{display:inline-block;  vertical-align:top;  border:1px solid #e5e5e5;  width:40px;  line-height:38px;  border-radius:0px 5px 5px 0px;  -moz-border-radius:0px 5px 5px 0px;  -webkit-border-radius:0px 5px 5px 0px;  font-size:12px;  font-weight:700;  color:#999;  cursor:pointer;  background:#fff}.minimal-light .esg-cartbutton{color:#333; cursor:default !important}.minimal-light .esg-cartbutton .esgicon-basket{color:#333;   font-size:15px;   line-height:15px;   margin-right:10px}.minimal-light .esg-cartbutton-wrapper{cursor:default !important}.minimal-light .esg-sortbutton,.minimal-light .esg-cartbutton{display:inline-block; position:relative; cursor:pointer; margin-right:0px; border-right:none; border-radius:5px 0px 0px 5px; -moz-border-radius:5px 0px 0px 5px; -webkit-border-radius:5px 0px 0px 5px}.minimal-light .esg-navigationbutton:hover,.minimal-light .esg-filterbutton:hover,.minimal-light .esg-sortbutton:hover,.minimal-light .esg-sortbutton-order:hover,.minimal-light .esg-cartbutton a:hover,.minimal-light .esg-filterbutton.selected{background-color:#fff;   border-color:#bbb;   color:#333;   box-shadow:0px 3px 5px 0px rgba(0,0,0,0.13)}.minimal-light .esg-navigationbutton:hover *{color:#333}.minimal-light .esg-sortbutton-order.tp-desc:hover{border-color:#bbb; color:#333; box-shadow:0px -3px 5px 0px rgba(0,0,0,0.13) !important}.minimal-light .esg-filter-checked{padding:1px 3px;  color:#cbcbcb;  background:#cbcbcb;  margin-left:7px;  font-size:9px;  font-weight:300;  line-height:9px;  vertical-align:middle}.minimal-light .esg-filterbutton.selected .esg-filter-checked,.minimal-light .esg-filterbutton:hover .esg-filter-checked{padding:1px 3px 1px 3px;  color:#fff;  background:#000;  margin-left:7px;  font-size:9px;  font-weight:300;  line-height:9px;  vertical-align:middle}<\/style>\n<style type=\"text\/css\">.eg-monroe-element-0{font-size:16px; line-height:30px; color:#ffffff; font-weight:800; padding:3px 15px 2px 15px ; border-radius:3px 3px 3px 3px ; background:#c89a69; z-index:2 !important; display:block; font-family:\"Raleway\"; border-top-width:0px; border-right-width:0px; border-bottom-width:3px; border-left-width:0px; border-color:#617f52; border-style:solid}.eg-monroe-element-1{font-size:16px; line-height:24px; color:#ffffff; font-weight:900; display:inline-block; float:none; clear:both; margin:0px 0px 0px 0px ; padding:4px 12px 3px 12px ; border-radius:0px 0px 0px 0px ; background:rgba(255,255,255,0.15); position:relative; z-index:2 !important; font-family:\"Raleway\"; text-transform:capitalize}<\/style>\n<style type=\"text\/css\">.eg-monroe-element-0:hover{font-size:16px; line-height:30px; color:#ffffff; font-weight:800; border-radius:3px 3px 3px 3px ; background:#edbc8a; font-family:\"Raleway\"; border-top-width:0px; border-right-width:0px; border-bottom-width:3px; border-left-width:0px; border-color:#617f52; border-style:solid}<\/style>\n<style type=\"text\/css\">.eg-monroe-element-0-a{display:inline-block; float:none; clear:both; margin:0px 0px 30px 0px ; position:relative}<\/style>\n<style type=\"text\/css\">.eg-monroe-container{background:rgba(10,10,10,0.50)}<\/style>\n<style type=\"text\/css\">.eg-monroe-content{background:#ffffff; padding:0px 0px 0px 0px; border-width:0px 0px 0px 0px; border-radius:0px 0px 0px 0px; border-color:transparent; border-style:none; text-align:center}<\/style>\n<style type=\"text\/css\">.esg-grid .mainul li.eg-monroe-wrapper{background:#ffffff; padding:0px 0px 0px 0px; border-width:0px 0px 0px 0px; border-radius:0px 0px 0px 0px; border-color:transparent; border-style:none}<\/style>\n<style type=\"text\/css\">.esg-grid .mainul li.eg-monroe-wrapper .esg-media-poster{background-size:cover; background-position:center center; background-repeat:no-repeat}<\/style>\n<!-- THE ESSENTIAL GRID 3.0.11 POST -->\n\n<article class=\"myportfolio-container minimal-light source_type_post\" id=\"tmlawyer-practice-1\">\n\n    <div id=\"esg-grid-21-1\" class=\"esg-grid\" style=\"background: transparent;padding: 0px 0px 0px 0px ; box-sizing:border-box; -moz-box-sizing:border-box; -webkit-box-sizing:border-box;\">\n<ul>\n<li id=\"eg-21-post-id-1684\" data-skin=\"monroe\" class=\"filterall eg-monroe-wrapper eg-post-id-1684\" data-title=\"avioehtoso\">\n    <div class=\"esg-media-cover-wrapper\">\n<div class=\"esg-entry-media\"><img loading=\"lazy\" decoding=\"async\" src=\"https:\/\/innolex.fi\/wordpress\/wp-content\/uploads\/2020\/11\/IMG_1540-768x1024.jpg\" data-no-lazy=\"1\" alt=\"\" width=\"640\" height=\"853\"><\/div>\n\n            <div class=\"esg-entry-cover\">\n\n                <div class=\"esg-overlay esg-transition eg-monroe-container\" data-delay=\"0\" data-duration=\"default\" data-transition=\"esg-fadeout\"><\/div>\n\n\t\t\t\t<div class=\"esg-bottom eg-post-1684 eg-monroe-element-0-a esg-transition\" data-delay=\"0\" data-duration=\"default\" data-transition=\"esg-flipup\"><a class=\"eg-monroe-element-0 eg-post-1684\" href=\"https:\/\/innolex.fi\/?page_id=1684\" target=\"_self\">Siirry<\/a><\/div>\n\t\t\t\t<div class=\"esg-center eg-post-1684 eg-monroe-element-1 esg-transition\" data-delay=\"0\" data-duration=\"default\" data-transition=\"esg-flipdownout\">Avioehtosopimus<\/div>\n           <\/div>\n   <\/div>\n\n<\/li>\n<li id=\"eg-21-post-id-1682\" data-skin=\"monroe\" class=\"filterall eg-monroe-wrapper eg-post-id-1682\" data-title=\"keskinain\">\n    <div class=\"esg-media-cover-wrapper\">\n<div class=\"esg-entry-media\"><img loading=\"lazy\" decoding=\"async\" src=\"https:\/\/innolex.fi\/wordpress\/wp-content\/uploads\/2020\/11\/DSC00656-1024x768.jpg\" data-no-lazy=\"1\" alt=\"\" width=\"640\" height=\"480\"><\/div>\n\n            <div class=\"esg-entry-cover\">\n\n                <div class=\"esg-overlay esg-transition eg-monroe-container\" data-delay=\"0\" data-duration=\"default\" data-transition=\"esg-fadeout\"><\/div>\n\n\t\t\t\t<div class=\"esg-bottom eg-post-1682 eg-monroe-element-0-a esg-transition\" data-delay=\"0\" data-duration=\"default\" data-transition=\"esg-flipup\"><a class=\"eg-monroe-element-0 eg-post-1682\" href=\"https:\/\/innolex.fi\/?page_id=1682\" target=\"_self\">Siirry<\/a><\/div>\n\t\t\t\t<div class=\"esg-center eg-post-1682 eg-monroe-element-1 esg-transition\" data-delay=\"0\" data-duration=\"default\" data-transition=\"esg-flipdownout\">Keskin\u00e4inen testamentti<\/div>\n           <\/div>\n   <\/div>\n\n<\/li>\n<li id=\"eg-21-post-id-1680\" data-skin=\"monroe\" class=\"filterall eg-monroe-wrapper eg-post-id-1680\" data-title=\"testamentt\">\n    <div class=\"esg-media-cover-wrapper\">\n<div class=\"esg-entry-media\"><img loading=\"lazy\" decoding=\"async\" src=\"https:\/\/innolex.fi\/wordpress\/wp-content\/uploads\/2020\/11\/DSC00656-1024x768.jpg\" data-no-lazy=\"1\" alt=\"\" width=\"640\" height=\"480\"><\/div>\n\n            <div class=\"esg-entry-cover\">\n\n                <div class=\"esg-overlay esg-transition eg-monroe-container\" data-delay=\"0\" data-duration=\"default\" data-transition=\"esg-fadeout\"><\/div>\n\n\t\t\t\t<div class=\"esg-bottom eg-post-1680 eg-monroe-element-0-a esg-transition\" data-delay=\"0\" data-duration=\"default\" data-transition=\"esg-flipup\"><a class=\"eg-monroe-element-0 eg-post-1680\" href=\"https:\/\/innolex.fi\/?page_id=1680\" target=\"_self\">Siirry<\/a><\/div>\n\t\t\t\t<div class=\"esg-center eg-post-1680 eg-monroe-element-1 esg-transition\" data-delay=\"0\" data-duration=\"default\" data-transition=\"esg-flipdownout\">Testamentti<\/div>\n           <\/div>\n   <\/div>\n\n<\/li>\n<\/ul>\n    <\/div>\n\n<\/article>\n<div class=\"clear\"><\/div>\n<script type=\"text\/javascript\">\nfunction eggbfc(winw,resultoption) {\n\tvar lasttop = winw,\n\tlastbottom = 0,\n\tsmallest =9999,\n\tlargest = 0,\n\tsamount = 0,\n\tlamount = 0,\n\tlastamount = 0,\n\tresultid = 0,\n\tresultidb = 0,\n\tresponsiveEntries = [\n\t\t\t\t\t\t{ width:1400,amount:3,mmheight:0},\n\t\t\t\t\t\t{ width:1170,amount:3,mmheight:0},\n\t\t\t\t\t\t{ width:1024,amount:3,mmheight:0},\n\t\t\t\t\t\t{ width:960,amount:2,mmheight:0},\n\t\t\t\t\t\t{ width:778,amount:2,mmheight:0},\n\t\t\t\t\t\t{ width:640,amount:2,mmheight:0},\n\t\t\t\t\t\t{ width:480,amount:1,mmheight:0}\n\t\t\t\t\t\t];\n\tif (responsiveEntries!=undefined && responsiveEntries.length>0)\n\t\tjQuery.each(responsiveEntries, function(index,obj) {\n\t\t\tvar curw = obj.width != undefined ? obj.width : 0,\n\t\t\t\tcura = obj.amount != undefined ? obj.amount : 0;\n\t\t\tif (smallest>curw) {\n\t\t\t\tsmallest = curw;\n\t\t\t\tsamount = cura;\n\t\t\t\tresultidb = index;\n\t\t\t}\n\t\t\tif (largest<curw) {\n\t\t\t\tlargest = curw;\n\t\t\t\tlamount = cura;\n\t\t\t}\n\t\t\tif (curw>lastbottom && curw<=lasttop) {\n\t\t\t\tlastbottom = curw;\n\t\t\t\tlastamount = cura;\n\t\t\t\tresultid = index;\n\t\t\t}\n\t\t});\n\t\tif (smallest>winw) {\n\t\t\tlastamount = samount;\n\t\t\tresultid = resultidb;\n\t\t}\n\t\tvar obj = new Object;\n\t\tobj.index = resultid;\n\t\tobj.column = lastamount;\n\t\tif (resultoption==\"id\")\n\t\t\treturn obj;\n\t\telse\n\t\t\treturn lastamount;\n\t}\n\tvar coh=0,\n\t\tcontainer = jQuery(\"#esg-grid-21-1\");\n\tvar\tcwidth = \"boxed\" == \"boxed\" ? container.width() : jQuery(window).width(),\n\t\tar = \"4:3\",\n\t\tgbfc = eggbfc(cwidth,\"id\"),\n\trow = 8;\nar = ar.split(\":\");\nvar aratio=parseInt(ar[0],0) \/ parseInt(ar[1],0);\ncoh = cwidth \/ aratio;\ncoh = coh\/gbfc.column*row;\n\tvar ul = container.find(\"ul\").first();\n\tul.css({display:\"block\",height:coh+\"px\"});\nvar essapi_21_1;\nfunction esginit_21_1() {\njQuery(document).ready(function() {\n\tessapi_21_1 = jQuery(\"#esg-grid-21-1\").tpessential({\n        gridID:21,\n        layout:\"even\",\n        forceFullWidth:\"off\",\n        lazyLoad:\"off\",\n        row:8,\n\t\tapiName: \"essapi_21_1\",\n        loadMoreAjaxToken:\"ed04ef2718\",\n        loadMoreAjaxUrl:\"https:\/\/innolex.fi\/wordpress\/wp-admin\/admin-ajax.php\",\n        loadMoreAjaxAction:\"Essential_Grid_Front_request_ajax\",\n        ajaxContentTarget:\"ess-grid-ajax-container-\",\n        ajaxScrollToOffset:\"0\",\n        ajaxCloseButton:\"off\",\n        ajaxContentSliding:\"on\",\n        ajaxScrollToOnLoad:\"on\",\n        ajaxCallbackArgument:\"off\",\n        ajaxNavButton:\"off\",\n        ajaxCloseType:\"type1\",\n        ajaxCloseInner:\"false\",\n        ajaxCloseStyle:\"light\",\n        ajaxClosePosition:\"tr\",\n        space:5,\n        pageAnimation:\"fade\",\n        videoPlaybackInGrid: \"on\",\n        videoPlaybackOnHover: \"off\",\n        videoInlineMute: \"on\",\n        videoInlineControls: \"off\",\n        keepLayersInline: \"off\",\n        startAnimation: \"scale\",\n        startAnimationSpeed: 1000,\n        startAnimationDelay: 1,\n        startAnimationType: \"item\",\n        animationType: \"item\",\n        paginationScrollToTop:\"off\",\n        paginationAutoplay:\"off\",\n        spinner:\"spinner2\",\n        spinnerColor:\"#c8a472\",\n\t\tminVisibleItems:3,\n        evenGridMasonrySkinPusher:\"off\",\n        lightBoxMode:\"single\",\n\t\tlightboxHash:\"group\",\n\t\tlightboxPostMinWid:\"75%\",\n\t\tlightboxPostMaxWid:\"75%\",\n        lightboxSpinner:\"off\",\n        lightBoxFeaturedImg:\"off\",\n        lightBoxPostTitle:\"off\",\n        lightBoxPostTitleTag:\"h2\",\n\t\tlightboxMargin : \"0|0|0|0\",\n\t\tlbContentPadding : \"0|0|0|0\",\n\t\tlbContentOverflow : \"auto\",\n        animSpeed:1000,\n        delayBasic:1,\n        mainhoverdelay:1,\n        filterType:\"single\",\n        showDropFilter:\"hover\",\n        filterGroupClass:\"esg-fgc-21\",\n        filterNoMatch:\"No Items for the Selected Filter\",\n        filterDeepLink:\"off\",\n        hideMarkups: \"off\",\n        inViewport: true,\n        viewportBuffer: 20,\n        youtubeNoCookie:\"false\",\n        convertFilterMobile:false,\n        paginationSwipe: \"off\",\n        paginationDragVer: \"on\",\n        pageSwipeThrottle: 30,\n        googleFonts:['Open+Sans:300,400,600,700,800','Raleway:100,200,300,400,500,600,700,800,900','Droid+Serif:400,700'],\n        aspectratio:\"4:3\",\n        hideBlankItemsAt: \"1\",\n        responsiveEntries: [\n\t\t\t\t\t\t{ width:1400,amount:3,mmheight:0},\n\t\t\t\t\t\t{ width:1170,amount:3,mmheight:0},\n\t\t\t\t\t\t{ width:1024,amount:3,mmheight:0},\n\t\t\t\t\t\t{ width:960,amount:2,mmheight:0},\n\t\t\t\t\t\t{ width:778,amount:2,mmheight:0},\n\t\t\t\t\t\t{ width:640,amount:2,mmheight:0},\n\t\t\t\t\t\t{ width:480,amount:1,mmheight:0}\n\t\t\t\t\t\t]\n\t});\n\n\tvar arrows = true,\n        lightboxOptions = {\n\t\tmargin : [0,0,0,0],\n\t\tbuttons : [\"share\",\"thumbs\",\"close\"],\n\t\tinfobar : true,\n\t\tloop : true,\n\t\tslideShow : {\"autoStart\": false, \"speed\": 3000},\n\t\tvideoAutoPlay : true,\n\t\tanimationEffect : \"fade\",\n\t\tanimationDuration : 500,\n\t\tbeforeShow: function(a, c) {\n          if(!arrows) {\n              jQuery(\"body\").addClass(\"esgbox-hidearrows\");\n          }\n\t\t\tvar i = 0,\n\t\t\t\tmultiple = false;\n\t\t\ta = a.slides;\n\t\t\tfor(var b in a) {\n\t\t\t\ti++;\n\t\t\t\tif(i > 1) {\n\t\t\t\t\tmultiple = true;\n\t\t\t\t\tbreak;\n\t\t\t\t}\n\t\t\t}\n\t\t\tif(!multiple) jQuery(\"body\").addClass(\"esgbox-single\");\n\t\t\tif(c.type === \"image\") jQuery(\".esgbox-button--zoom\").show();\n\t\t},\n\t\tbeforeLoad: function(a, b) {\n\t\t\tjQuery(\"body\").removeClass(\"esg-four-by-three\");\n\t\t\tif(b.opts.$orig.data(\"ratio\") === \"4:3\") jQuery(\"body\").addClass(\"esg-four-by-three\");\n\t\t},\n\t\tafterLoad: function() {jQuery(window).trigger(\"resize.esglb\");},\n\t\tafterClose : function() {jQuery(\"body\").removeClass(\"esgbox-hidearrows esgbox-single\");},\n\t\ttransitionEffect : \"fade\",\n\t\ttransitionDuration : 500,\n\t\thash : \"group\",\n\t\tarrows : true,\n\t\twheel : false,\n\t};\n\n\tjQuery(\"#esg-grid-21-1\").data(\"lightboxsettings\", lightboxOptions);\n\n\n});\n} \/\/ End of EsgInitScript\nvar once_21_1 = false;\nif (document.readyState === \"loading\") document.addEventListener('readystatechange',function() { if((document.readyState === \"interactive\" || document.readyState === \"complete\") && !once_21_1 )\t{ once_21_1 = true; esginit_21_1();}}); else {once_21_1 = true;  esginit_21_1();}\n<\/script>\n[\/vc_column][\/vc_row]<\/p>\n","protected":false},"excerpt":{"rendered":"<p>[vc_row content_placement=&#8221;top&#8221;][vc_column css=&#8221;.vc_custom_1495531357677{margin-bottom: 30px !important;padding-top: 0px !important;}&#8221;][thememove_title show_decor=&#8221;1&#8243; small_title=&#8221;LOMAKKEET&#8221;][vc_column_text] Valitse alla olevista lomakkeista joko avioehtosopimus, testamentti tai keskin\u00e4inen testamentti. T\u00e4yt\u00e4 tarvittavat tiedot ja l\u00e4het\u00e4 lomake meille. Luonnostelemme asiakirjan ja l\u00e4het\u00e4mme sen kommentteihin lomakkeessa oleviin yhteystietoihin (mielell\u00e4\u00e4n s\u00e4hk\u00f6postitse). Kun asiakirja on viimeistellyss\u00e4 muodossa, sovitaan tapaaminen t\u00e4\u00e4ll\u00e4 meid\u00e4n Innolexin toimistolla Isossa Omenassa allekirjoitusta \/ todistamista varten. K\u00e4ymme [&hellip;]<\/p>\n","protected":false},"author":2,"featured_media":0,"parent":0,"menu_order":0,"comment_status":"closed","ping_status":"closed","template":"","meta":{"footnotes":""},"class_list":["post-1678","page","type-page","status-publish","hentry"],"_links":{"self":[{"href":"https:\/\/innolex.fi\/index.php?rest_route=\/wp\/v2\/pages\/1678","targetHints":{"allow":["GET"]}}],"collection":[{"href":"https:\/\/innolex.fi\/index.php?rest_route=\/wp\/v2\/pages"}],"about":[{"href":"https:\/\/innolex.fi\/index.php?rest_route=\/wp\/v2\/types\/page"}],"author":[{"embeddable":true,"href":"https:\/\/innolex.fi\/index.php?rest_route=\/wp\/v2\/users\/2"}],"replies":[{"embeddable":true,"href":"https:\/\/innolex.fi\/index.php?rest_route=%2Fwp%2Fv2%2Fcomments&post=1678"}],"version-history":[{"count":16,"href":"https:\/\/innolex.fi\/index.php?rest_route=\/wp\/v2\/pages\/1678\/revisions"}],"predecessor-version":[{"id":2002,"href":"https:\/\/innolex.fi\/index.php?rest_route=\/wp\/v2\/pages\/1678\/revisions\/2002"}],"wp:attachment":[{"href":"https:\/\/innolex.fi\/index.php?rest_route=%2Fwp%2Fv2%2Fmedia&parent=1678"}],"curies":[{"name":"wp","href":"https:\/\/api.w.org\/{rel}","templated":true}]}}